 15?
-7e0
-631 (base 9) to base 11
-428
32 (base 14) to base 9
48
Convert 103032 (base 4) to base 2.
10011001110
9714 (base 12) to base 13
7711
What is 3b0 (base 13) in base 15?
2d5
Convert 4b2 (base 14) to base 9.
1254
2822 (base 9) to base 8
4116
Convert 3746 (base 9) to base 13.
1371
-34243 (base 5) to base 3
-10100200
Convert 4740 (base 10) to base 13.
2208
Convert -413103 (base 5) to base 3.
-200120001
What is -2777 (base 9) in base 16?
-82f
Convert -2320201 (base 4) to base 15.
-3774
What is 1001001001 (base 2) in base 13?
360
-2a2 (base 16) to base 3
-220222
-141 (base 6) to base 15
-41
Convert -42 (base 9) to base 10.
-38
-4962 (base 10) to base 7
-20316
1561 (base 16) to base 10
5473
What is 12111220 (base 3) in base 10?
4020
-110101101 (base 2) to base 7
-1152
What is 1737 (base 11) in base 9?
3034
What is 2471 (base 15) in base 13?
36b8
What is -784 (base 16) in base 4?
-132010
Convert 214 (base 11) to base 9.
315
Convert -12516 (base 11) to base 9.
-26526
What is -1120221 (base 3) in base 11?
-964
What is -16346 (base 7) in base 10?
-4640
What is 4150 (base 7) in base 6?
10424
-41042 (base 9) to base 12
-1376b
What is 112131 (base 5) in base 6?
30413
Convert -10121200110 (base 3) to base 12.
-35263
Convert 4400 (base 11) to base 16.
16b0
What is 110001011 (base 2) in base 14?
203
What is -1010101 (base 2) in base 11?
-78
-35200 (base 6) to base 14
-1ba0
Convert -1615a (base 13) to base 8.
-122003
-126a (base 14) to base 10
-3230
-17c51 (base 13) to base 16
-b3d2
2100110 (base 3) to base 9
2313
What is 106a8 (base 13) in base 6?
345321
What is 987a (base 11) in base 13?
5c18
2230310 (base 4) to base 15
3425
-51237 (base 9) to base 6
-420054
2aa (base 12) to base 16
1a2
-1ff (base 16) to base 11
-425
What is -8ff0 (base 16) in base 15?
-adb8
What is -5154 (base 8) in base 12?
-1664
What is 111011220 (base 3) in base 4?
2112021
Convert -11232203 (base 4) to base 12.
-116ab
1307 (base 11) to base 2
11010100101
What is 1718 (base 10) in base 5?
23333
Convert 98 (base 11) to base 7.
212
What is 108b1 (base 12) in base 4?
11120011
Convert -7255 (base 9) to base 6.
-40335
Convert -42552 (base 8) to base 14.
-6694
What is 7535 (base 13) in base 10?
16268
210101102 (base 3) to base 16
3ce6
What is -905 (base 10) in base 15?
-405
Convert 29153 (base 10) to base 14.
a8a5
-1252 (base 6) to base 9
-385
Convert -110330 (base 4) to base 7.
-3623
526 (base 9) to base 4
12231
4a7 (base 13) to base 9
1103
2011010 (base 3) to base 12
aa9
Convert -30400 (base 6) to base 5.
-112112
Convert 154 (base 12) to base 9.
251
What is -11110000010001 (base 2) in base 10?
-15377
Convert 390 (base 11) to base 4.
13032
Convert -853 (base 13) to base 7.
-4066
What is 1111012 (base 3) in base 2?
10000111101
Convert -6333 (base 7) to base 6.
-14153
Convert -3923 (base 11) to base 13.
-242b
10001101011110 (base 2) to base 16
235e
Convert 41668 (base 9) to base 7.
143144
Convert 845a (base 11) to base 16.
2bbd
42125 (base 9) to base 13
c86c
-1212 (base 7) to base 10
-450
What is -1514 (base 9) in base 6?
-5151
-11102201 (base 3) to base 4
-302200
-1374 (base 8) to base 10
-764
-9a (base 11) to base 10
-109
3002000 (base 4) to base 7
51125
What is -2d5 (base 16) in base 4?
-23111
What is -17603 (base 8) in base 13?
-3897
What is -3451 (base 6) in base 10?
-823
Convert -2230111 (base 4) to base 8.
-25425
-301 (base 14) to base 7
-1501
What is -93d (base 15) in base 12?
-1257
What is -53411 (base 6) in base 10?
-7279
-432344 (base 5) to base 10
-14724
1054 (base 10) to base 12
73a
-26977 (base 10) to base 4
-12211201
-471 (base 14) to base 15
-3dd
What is 6721 (base 14) in base 15?
5460
12013130 (base 4) to base 3
1021100212
Convert 1dc (base 14) to base 16.
186
Convert 6627 (base 10) to base 11.
4a85
5902 (base 14) to base 8
36176
Convert b9 (base 13) to base 14.
ac
-a8a6 (base 13) to base 10
-23458
What is -257 (base 11) in base 6?
-1224
19959 (base 12) to base 3
1220122120
75a8 (base 15) to base 4
12011030
Convert -393a (base 11) to base 16.
-1405
What is 2a6 (base 11) in base 12?
25a
-1b8 (base 12) to base 8
-434
101222 (base 4) to base 12
7a2
4125 (base 6) to base 11
764
What is 201201 (base 3) in base 11?
444
-521 (base 9) to base 4
-12220
6410 (base 7) to base 2
100011010101
-440 (base 12) to base 15
-2b9
3a02 (base 11) to base 10
5205
What is -2011010220 (base 3) in base 14?
-11639
32 (base 4) to base 13
11
Convert -8141 (base 15) to base 4.
-12222112
What is 100133 (base 5) in base 6?
22400
What is -c05b (base 13) in base 14?
-98c8
402 (base 6) to base 2
10010010
Convert -3535 (base 15) to base 2.
-10110000100100
-2025 (base 8) to base 15
-49a
What is 113322 (base 4) in base 6?
11030
What is 14186 (base 9) in base 8?
22644
What is 45a (base 15) in base 4?
33121
What is 1d93 (base 16) in base 8?
16623
Convert -3412221 (base 5) to base 15.
-12d0b
What is -113300 (base 5) in base 6?
-31240
Convert 1101000100110110 (base 2) to base 13.
1b4bb
-2737 (base 9) to base 8
-4013
104424 (base 5) to base 13
1918
What is 9961 (base 11) in base 6?
140451
Convert 1a2 (base 14) to base 11.
288
What is 24682 (base 11) in base 6?
431554
2551 (base 8) to base 13
827
Convert 20220 (base 4) to base 3.
202110
Convert -205145 (base 6) to base 9.
-24812
What is -10021 (base 4) in base 2?
-100001001
What is -27427 (base 9) in base 7?
-105103
Convert -6170 (base 13) to base 16.
-3482
What is 31161 (base 7) in base 6?
55210
Convert -1066 (base 9) to base 5.
-11124
Convert 901 (base 12) to base 3.
1210001
What is 1653 (base 13) in base 8?
6317
Convert 1689 (base 10) to base 7.
4632
-22022 (base 4) to base 3
-220002
21d6 (base 14) to base 10
5872
What is 7b (base 13) in base 9?
123
-111 (base 10) to base 7
-216
Convert 2a39 (base 13) to base 16.
17f4
What is -46a (base 15) in base 2?
-1111101000
30 (base 15) to base 2
101101
What is -11001001111 (base 2) in base 13?
-973
Convert -36429 (base 10) to base 5.
-2131204
251 (base 13) to base 9
488
What is -100122 (base 4) in base 10?
-1050
What is 659 (base 16) in base 10?
1625
-6714 (base 8) to base 14
-1404
Convert 458 (base 12) to base 9.
785
What is 815 (base 12) in base 13?
6bc
-4713 (base 10) to base 8
-11151
What is 7640 (base 12) in base 3?
122211210
Convert -11102100 (base 3) to base 2.
-110010010110
Convert -42b (base 16) to base 11.
-890
What is -21a0b (base 12) in base 6?
-542415
14513 (base 10) to base 5
431023
What is 3583 (base 10) in base 15?
10dd
What is -1535 (base 8) in base 9?
-1156
-18 (base 10) to base 9
-20
-250a0 (base 11) to base 13
-1353b
What is 364 (base 8) in base 12?
184
Convert -11001100010 (base 2) to base 14.
-84a
-104 (base 12) to base 7
-301
Convert -4a156 (base 11) to base 3.
-10122211202
What is 3674 (base 12) in base 5?
144021
100010000 (base 2) to base 12
1a8
What is 1abc (base 13) in base 9?
5481
Convert 2034 (base 5) to base 10.
269
Convert -44242 (base 5) to base 6.
-22120
Convert 10231310 (base 4) to base 6.
225232
Convert 283 (base 15) to base 10.
573
-215b (base 12) to base 3
-12000222
7 (base 14) to base 7
10
Convert 1101 (base 5) to base 2.
10010111
What is 113244 (base 5) in base 3?
12202112
13232 (base 4) to base 9
608
Convert -575 (base 9) to base 6.
-2105
Convert 3b3 (base 14) to base 2.
1011101001
Convert 70b (base 15) to base 14.
814
-6270 (base 8) to base 5
-101011
Convert 100101122 (base 3) to base 6.
51412
Convert -4416 (base 8) to base 15.
-a48
Convert 15bb8 (base 12) to base 8.
74574
-1660 (base 12) to base 2
-101001101000
Convert -22a (base 12) to base 13.
-1ba
What is 41225 (base 7) in base 8?
23520
-4631 (base 9) to base 13
-173b
-6211 (base 8) to base 3
-11101212
What is 2011321 (base 4) in base 13?
3b92
Convert 3bb (base 12) to base 5.
4300
Convert 21c6 (base 16) to base 5.
234041
-101010110 (base 2) to base 14
-1a6
Convert -1010100101 (base 2) to base 3.
-221002
What is 5b (base 12) in base 5?
241
102051 (base 7) to base 11
12196
What is -1123230 (base 5) in base 10?
-20440
1950a (base 14) to base 4
33221212
111032 (base 6) to base 2
10010001011100
-6728 (base 11) to base 9
-13137
-1238 (base 13) to base 11
-1a38
12ba (base 12) to base 2
100001101110
-a098 (base 11) to base 7
-54055
What is 1664 (base 9) in base 5?
20043
Convert -2660 (base 7) to base 11.
-84a
Convert 111111010001